190. What is the hundreds digit of l?
5
What is the hundreds digit of 79*4 - 1 - (5 - 10)?
3
Let a(d) = d**2 - 5*d - 7. Let x be a(-7). Suppose 2*l = -5*o + x, -5*l + 2*o = -o - 146. Let u = -22 + l. What is the units digit of u?
9
Let m(q) be the third derivative of 0*q + 0 - 2*q**2 + 5/8*q**4 + 1/120*q**6 - 7/30*q**5 + 11/6*q**3. What is the units digit of m(13)?
7
Let i(g) = -1044*g**3 - 3*g**2 + 5*g + 7. What is the units digit of i(-1)?
3
Suppose 0 = 2*z + 3*a - 29, 3*z - 3*a - 22 - 14 = 0. What is the tens digit of z?
1
Let y be 926/12 - -4*(-6)/144. What is the tens digit of (-14)/y - 640/(-11)?
5
Suppose 19 = 7*m - 37. Suppose 0 = -m*o + 1068 + 244. What is the units digit of o?
4
Let i(d) = -d**2 + 36*d - 111. What is the units digit of i(21)?
4
Suppose -7*l = -6830 + 2644. Suppose 0 = 6*y + 46 - l. What is the tens digit of y?
9
Suppose 15*q - 2450 = 4390. What is the tens digit of q?
5
Suppose 16*h - 12080 = -4*h. What is the units digit of h?
4
Let o = 4 - -22. Let f be o/13 + 0 + 2. Let n(g) = 3*g**2 - 3*g - 11. What is the tens digit of n(f)?
2
Suppose -l + s = -108, l - 5*s - 28 = 60. Let v = -197 + l. What is the units digit of v/(-8) - (-1)/2?
1
Let u(p) = -p**3 - 7*p**2 - 2*p + 239. What is the hundreds digit of u(0)?
2
What is the thousands digit of (-4986)/(-27)*(-3 + (-45)/(-2))?
3
Suppose -2*v - 4*v = -864. What is the tens digit of v?
4
What is the units digit of (-10004)/(-12) - 4/6?
3
Suppose 0 = -2*n + 2*o + 5106, 3*o + 2157 + 386 = n. What is the tens digit of n?
5
Suppose 5*b = -3*o + 52, 3 = -3*b + 18. Suppose s - 50 = -o*s. What is the units digit of s?
5
Let u = -56 - -63. Suppose 0 = 9*g - u - 2. What is the units digit of g?
1
Let r = 268 - 138. What is the tens digit of r?
3
Let i(r) = -2*r - 47 + 15 + 67. What is the units digit of i(10)?
5
Let m = 15 + -12. Let r be m - (-4)/8*-6. Suppose 0 = -r*x - 3*x - 15, 3*x - 25 = -5*l. What is the units digit of l?
8
Suppose -5*l = -3*h + 2419, 0 = -2*l + 4 - 14. What is the hundreds digit of h?
7
Let s(w) = -3*w + 24. Let u be s(7). Suppose 4*x - u*v = 3*x + 189, v = 2*x - 383. What is the units digit of x?
2
Let p = 2616 - 1465. What is the thousands digit of p?
1
What is the units digit of 4 + 9820/4*(-1)/(-5)?
5
Let i be 2/(-7) - (4 - 6140/28). Let u = i - 28. What is the tens digit of u?
8
Suppose -16*r + 45680 = 4*r. What is the units digit of r?
4
Suppose 0 = 3*n - 3*l + 24, 2*n + l + 7 + 3 = 0. Let x = n + 12. What is the tens digit of x/(-27) + (-184)/(-18)?
1
Let x be 57/(-11) - (52/(-44) + 1). Let k(n) = -4*n**2 - 23*n - 8. What is the units digit of k(x)?
7
Suppose 2*b = 8*b - 24. Suppose -2*j - 5*t + 0*t = -325, -t = b*j - 659. What is the units digit of j?
5
Let g = 455 + 133. What is the tens digit of g?
8
Suppose 4*j = 7551 + 157. What is the units digit of j?
7
Let s be 4/(-8)*(52 + 0). Let z be 27/(-45) - s/10. Suppose z*v - 64 = -0*v. What is the tens digit of v?
3
Let b(p) = -3*p**2 - 62*p - 4. Let y be b(-12). Let m = -155 + y. What is the tens digit of m?
5
Let g = -38 - -44. What is the tens digit of 80 + -2 + g + 3?
8
Suppose -9769 = -24*p + 2999. What is the tens digit of p?
3
Let c(o) = o**2 + 13*o - 6. Let r be 15/(-10) - 23/2. Let z be c(r). Let g = 2 - z. What is the units digit of g?
8
Suppose 0*t + 3*c = 3*t - 2685, 4*t = -c + 3555. What is the tens digit of t?
9
Let c = -5 - -6. Suppose -9 = -4*d - c. Suppose z - 2*o - 78 = -z, 0 = -3*z + d*o + 122. What is the tens digit of z?
4
Let b be 3/12 + (-2590)/(-8). Suppose -12*p - b = -14*p. What is the tens digit of p/8 - (-2)/(-8)?
2
What is the units digit of (-387)/(-2) + (-9)/(-6)?
5
Let f = -17 - -24. Suppose -51 + f = -4*j. What is the tens digit of j?
1
Suppose -6*l = -2*l - 4*s + 28, 5*s - 15 = 0. Let g be (15/5)/((-1)/l). What is the tens digit of 6/24 + 249/g?
2
Suppose 2*u - 10 = 0, r - 14 = 4*r - 4*u. Suppose -4*m + o - r*o + 465 = 0, m - 3*o = 113. What is the units digit of m?
6
Suppose -4*z + 88 = -2*z. Suppose 47*c = z*c + 144. What is the tens digit of c?
4
Let w = 484 + 490. Suppose 3*p + 0*f = -4*f + w, 3*p = -2*f + 964. What is the hundreds digit of p?
3
Suppose u - 13 = -11. Suppose -2 + 12 = u*k. Suppose 0 = -k*q - 15, -4*o = o - 3*q - 149. What is the tens digit of o?
2
Suppose 44*g + 231948 = 112*g. What is the hundreds digit of g?
4
Let d(r) = 11*r**2 + 14*r - 81. What is the tens digit of d(7)?
5
Let v(j) = -14*j - 8. Let k(a) = 1. Let r(g) = 6*k(g) + v(g). Let l be r(-3). What is the tens digit of l + 3 + -3 - -2?
4
Let u(c) = 3 - 3*c + 0*c - 14 - 2*c. Let k be u(-8). Let s = k + -19. What is the units digit of s?
0
Let a be (-1)/(111/56 - 2). Let n = 27 - a. Let t = n + 74. What is the units digit of t?
5
Let p(m) = 81*m + 1. Let g be p(-1). Let h = g - -175. What is the units digit of h?
5
Let h = 12 + -7. Suppose h*u = -10, 5*j - 6*u + 2*u - 23 = 0. What is the units digit of j?
3
Suppose -6*x + 4762 = 628. What is the units digit of x?
9
Let u(n) = 2 + 7*n - n + 4*n. Let r be u(1). Suppose -r = -3*g, 4*w - 44 = -5*g + 4. What is the units digit of w?
7
Let k(j) = 5*j**2 + 5*j - 9. Let l be k(-7). Let g = -134 + l. What is the tens digit of g?
6
Suppose -4*f - 168 = -532. What is the units digit of f?
1
Suppose r - 94 = -b, 4*r - 475 + 117 = 5*b. Suppose -o - r = -4*x, -5*x - o = -2*o - 114. What is the units digit of x?
2
Let i = 302 - 72. What is the tens digit of i?
3
Suppose -d - 4 + 2 = 0. Let f be d/5 - 108/(-45). Suppose 100 = -3*m - f*n + 263, -2*m + 107 = 3*n. What is the units digit of m?
5
Let g be 3*(-4)/(-18)*6. Suppose g = -j + 7. Suppose j*x - 107 = 46. What is the units digit of x?
1
Let x(m) = 3 + m + 2 + 0*m + 3. Let k be x(-5). Suppose -k*t - 2*t = -185. What is the units digit of t?
7
Suppose 0 = 6*r - 2207 - 1663. What is the units digit of r?
5
Let n(c) = -13*c**2 + 3*c. Let i be n(2). Let o = -25 - i. What is the tens digit of o?
2
Let m be (-9)/(-3) - 6/2. Suppose m = s, 5*h - 3*h - 80 = -2*s. What is the units digit of h?
0
Let r = 27 + -24. Suppose 4 = 7*f - r*f. What is the units digit of f?
1
Let m be (-3 - (-17)/5)*10. Suppose -m*y = -3*y - 31. What is the tens digit of y?
3
Let m = 1290 + -838. What is the units digit of m?
2
Let c = -104 - -213. Suppose 2*k + 3*g = c, -5*k - 5*g + 322 = 52. Suppose 5*b - 82 = k. What is the units digit of b?
7
Let p = -1119 - -4259. What is the tens digit of p?
4
What is the tens digit of (-12)/(-66) - (-38176)/88?
3
Suppose -g = 4*x + 29, -x - 4*g = 10 + 1. Let z(m) = m**2 + 9*m + 17. Let j be z(x). What is the tens digit of -4 - (-33)/(j - 2)?
2
Suppose 21*q - 477 = 20*q. Suppose 26*g = 23*g + q. What is the hundreds digit of g?
1
Suppose 4*j = n + 20, -2*n - 4 = -2*j - 0*n. Let q be (-2)/6 - (-196)/3. Suppose 0 = j*c - c - q. What is the tens digit of c?
1
Suppose 3 = -0*a + 3*a. Let p = a + 5. What is the tens digit of p/12 - (-58)/4?
1
Suppose -5*o + 7617 + 1583 = 0. Suppose 13*s - 5*s - o = 0. Suppose -8*v + s = -3*v. What is the tens digit of v?
4
Let n(c) = -c**3 + 1. Let i be n(1). Suppose 4*a + 5*f - 30 = -a, -3*a - f + 10 = 0. Suppose h + a*h - 102 = i. What is the tens digit of h?
3
Suppose 3*a + 6 = 2*y, -4*y = 3*a - 2*a - 26. Suppose y*z = -0 + 12. Suppose d = 5*p - 211, -z*p - d + 85 = -2*d. What is the tens digit of p?
4
Let u be 18/(-10)*(4 - 9). Let y be (2 - 8)/(-2) + u. Let d = y + 9. What is the tens digit of d?
2
Let z(f) = 171*f**2 + 2*f - 2. Let p be z(2). Suppose -4*m + 549 = -l + 2*l, p = 5*m + l. What is the hundreds digit of m?
1
Suppose -1636 = -2*l + 3188. What is the units digit of l?
2
Let l = 39 + -37. Suppose 0*i = l*i - 4. Suppose -150 = -4*u - m, i*u + 6*m - 3*m - 80 = 0. What is the units digit of u?
7
Let n(q) = 5*q**3 - 1 + 0*q**3 - 2*q**3 - 6*q**3 + 2*q**2 + q. Let p be n(2). Let v = 16 + p. What is the units digit of v?
1
Let d(j) = 243*j**2 - 6*j - 4. What is the units digit of d(-1)?
5
Suppose -v + 0*z - z + 1 = 0, -v - 15 = 5*z. Suppose 0 = 2*s - p + v*p - 80, 3*p = -5*s + 228. What is the units digit of s?
8
Let x(f) = 34*f. Let n be x(1). What is the tens digit of n/(-5)*30/(-12)?
1
Suppose 0 = 2*b + 3*n + 537 - 1735, -5*b = n - 3008. What is the hundreds digit of b?
6
Let w(u) = -2*u + 12. Let y be w(5). Suppose 4*d = 5*h - 61, -d - 3*d = 2*h - y.